 - 11*b. Calculate the remainder when 35 is divided by z(k).
9
Let y = 24930 + -24924. Calculate the remainder when 25 is divided by y.
1
Let u(z) = 4*z**3 - z**2 - 3*z + 5. Let m(r) = 6*r**2 - 6*r + 2. Let h = 67 - 65. Calculate the remainder when u(2) is divided by m(h).
13
Let t(j) = j**3 + 13*j**2 + 14*j - 12. Let w = -10 + -1. What is the remainder when t(w) is divided by 40?
36
Let r(a) = 3*a**2 - a + 298. What is the remainder when r(18) is divided by 410?
22
Let a = -683 - -754. Calculate the remainder when 419 is divided by a.
64
What is the remainder when 389 is divided by (-4)/(-8) + (-1508)/(-8)?
11
Let a be (1 + 1)*(-98 + 2 + 2). Let v = 341 + a. Calculate the remainder when v is divided by 53.
47
Let k = -22 - -13. What is the remainder when 85 is divided by 12/k*(-99)/12?
8
Let r(d) = -27*d + 11. Suppose -5*t + 50 = -5*o, -t + 0 = -5. Calculate the remainder when r(o) is divided by 37.
35
Suppose -87*d + 50*d - 94 = -38*d. Calculate the remainder when d is divided by 24.
22
Let f(w) = -w**2 - 17*w + 23. Let c be (-3)/((-5)/(-80)*3). Suppose -4*x - 5*t + 225 = -398, 5*t - 15 = 0. What is the remainder when x is divided by f(c)?
35
Let x(g) = g**3 + 16*g**2 + 21*g + 24. Let m be x(-15). Let p = 233 + m. What is the remainder when p is divided by 56?
55
Suppose -2*q - 215 = -815. Let z = -114 + 132. Calculate the remainder when q is divided by z.
12
Suppose 0 = -117*w + 122*w + 30, -5*p - w = -399. What is the remainder when p is divided by 6?
3
Let l = -217 + 304. What is the remainder when l is divided by (-114)/(-9) - ((-5)/15 + -2)?
12
Suppose 4*y - 16 = 4*w, -20 = -3*w + 2*y - 27. Let i(n) = 176*n**3 + n**2 - 2*n + 2. Calculate the remainder when i(w) is divided by 39.
21
Let p(q) be the third derivative of 17*q**5/12 + q**4/3 + q**3/3 + 86*q**2. Calculate the remainder when p(-1) is divided by 23.
10
Let g(v) = v**3 + 3*v**2 + 4*v + 8. Let y be g(-6). Let q(z) = -z**2 + 6. Let f be q(9). Let u = f - y. Calculate the remainder when u is divided by 13.
10
Suppose -399*p - 594 = -408*p. Suppose 5*t - 198 + 28 = 0. What is the remainder when p is divided by t?
32
Suppose -10*q - 2*n = -8*q - 1586, n = -2*q + 1587. Calculate the remainder when q is divided by -30*(-9 + 34/4).
14
Let z = -53 + 60. Suppose z*k - 6 = 6*k. Calculate the remainder when 71 is divided by ((-50)/k)/(3 + (-20)/6).
21
Let a = -21 + 118. Calculate the remainder when a is divided by (-87)/(-15) - 7/(-35) - -14.
17
Suppose -48*l + 41396 + 9421 = 273. Calculate the remainder when l is divided by 16.
13
Suppose 7*d - 4*f = 4*d + 11, 0 = d + 3*f - 8. Suppose 2*v + 149 = d*w, 98 = 5*w + 3*v - 41. Calculate the remainder when 48 is divided by w.
19
Suppose 2*q + 376 = -4*f, 3*q + 2*f - 416 = -996. Let a = q + 212. What is the remainder when 29 is divided by a?
13
Suppose 15 = 2*q - 43. Let s = -340 - -577. Let g = 245 - s. What is the remainder when q is divided by g?
5
Suppose -6*c - 30*c = -70*c + 99382. Calculate the remainder when c is divided by 22.
19
Let r = -1916 - -2021. What is the remainder when 370 is divided by r?
55
Let v be 2 - (-18)/18*(0 - -1). Let p be 8/(v*(-6)/9). What is the remainder when 3*123*p/(-36) is divided by 9?
5
Let q = -16670 - -17859. What is the remainder when q is divided by 85?
84
Let w(d) = -d**3 + 6*d**2 - 3*d + 3. Suppose 16*z - 13*z - 99 = 0. Let k = 40 - z. What is the remainder when w(5) is divided by k?
6
Suppose 5*l = -3*h + 3080, -4*l = 3*h - l - 3090. Suppose -20*r + 1505 = -h. What is the remainder when r is divided by 43?
41
Let o be (28/(-3))/(86/(-129)). Suppose 0 = o*n - 710 - 102. What is the remainder when n is divided by 22?
14
Let s = 1568 - 974. Suppose -s + 231 = -3*g. Let f = 92 - 74. What is the remainder when g is divided by f?
13
Suppose 2*u + 2*u + 5*z - 36 = 0, -54 = -3*u + 3*z. Let v(c) = -c**3 + 18*c**2 - 54*c + 8. What is the remainder when v(u) is divided by 10?
6
Suppose 3*c - 34 = 5*i, 0 = -i + 5*c - 3 + 5. What is the remainder when -4 + (i - -5 - -55) is divided by 19?
10
Let l(g) = 7*g**2 + 246*g + 59. What is the remainder when 101 is divided by l(-35)?
5
Let d(j) be the third derivative of j**5/60 + j**4/2 + j**3/2 + 2*j**2 + 21*j. What is the remainder when 76 is divided by d(0)?
1
Let m = -3088 + 3458. What is the remainder when m is divided by 27?
19
Suppose -30*p + 23*p = 196. Let k = p - -70. What is the remainder when 207 is divided by k?
39
Let d be (-1 - 22/(-26)) + 170280/(-5031). Let m = 127 + -64. Let o = m + d. Calculate the remainder when o is divided by 16.
13
Let a = -83 + 51. What is the remainder when 105 is divided by 1 + (a/(-1) - 2)?
12
Let w(j) = 20*j + 3. Let o be w(-3). Let n = o + 66. Suppose 0 = 4*i + 3*g - 168, -2*g + n - 93 = -2*i. What is the remainder when i is divided by 8?
2
Suppose 0 = -20*p + 184*p - 286016. Calculate the remainder when p is divided by 43.
24
Let c be -5*4/(-5) + -3. Let d be c/(-4) - 45/(-4). Suppose -4*g = d - 211. Calculate the remainder when g is divided by 26.
24
Let c = -61 + 60. Let m(h) = 68*h - 4. Let a be m(c). What is the remainder when 33 is divided by -1 + (-492)/(-27) - (-16)/a?
16
Let p(u) be the second derivative of -u**3/6 - 4*u**2 + 2*u - 1. Calculate the remainder when 19 is divided by p(-16).
3
Let a(m) = -m**2 - 13*m + 209. Let d be a(-39). Let r = d + 837. Suppose q = -v + 63, 4*q + 6*v - 248 = 4*v. What is the remainder when q is divided by r?
29
Let g(j) = j**3 - 3*j**2 - 18*j + 2. Let h be g(6). Suppose -w - 4*t + 84 = h*w, 3*t + 87 = 4*w. Calculate the remainder when 81 is divided by w.
9
Let c(m) = -m + 1. Let g(d) = -2*d**2 + 48*d + 42. Let n(p) = -c(p) + g(p). Calculate the remainder when n(24) is divided by 23.
19
Let v = -89 - -110. Let k(n) = 16*n + 6. Let y be (-5)/10*-4 - 0. What is the remainder when k(y) is divided by v?
17
Let p = 701 + -695. Suppose -455 = p*t - 19*t. Calculate the remainder when ((-1)/2)/(2/(-412)) is divided by t.
33
Let q(j) = 26*j**2 - 12*j - 7. Let y be q(-3). Suppose -80 = 3*m - y. Let h = m + -58. What is the remainder when 10 is divided by h?
1
Suppose -6*o = 5*g - 32893, -g - 177*o = -174*o - 6566. What is the remainder when g is divided by 941?
0
Let t = 13969 + -12800. Calculate the remainder when t is divided by 28.
21
Let x = -28 + 40. Let c = -23 - -29. Let y(f) = f**2 - f + 1. What is the remainder when y(c) is divided by x?
7
Let m(a) = -139*a**2 + 694*a + 16. What is the remainder when 15 is divided by m(5)?
4
Let r(h) = -22*h + 401. What is the remainder when r(-7) is divided by 186?
183
Calculate the remainder when ((-187710)/4)/(2700/(-1080)) is divided by 52.
51
Suppose -10*z - 334*z = 107*z - 2255. Calculate the remainder when 306 is divided by z.
1
Let k(y) = 2*y**3 - 17*y**2 - 8*y - 7. Let x be k(9). Suppose 2*r = f - 4*f + 294, 0 = -f - x*r + 94. Calculate the remainder when f is divided by 17.
15
Suppose 11*y = 88, -6*y + 4*y = -3*v + 158. What is the remainder when 44600 is divided by v?
56
Suppose 59*a + 96*a + 2513 - 8289 = 3*a. Suppose -5*k + 15 = 0, 2*k - 1036 = -6*m + m. Calculate the remainder when m is divided by a.
16
Calculate the remainder when 170 is divided by 5/(-15) + 3210/45.
28
Let n(w) = 5*w**2 - 6*w + 4. Let z(s) = -s**2 - 28*s + 58. Let p be z(-30). Let d(m) = 3*m**2 - 4*m - 3. What is the remainder when n(-6) is divided by d(p)?
16
Let h(b) = -3*b + 48. Let p be h(14). Let c = 30 - 21. Calculate the remainder when (((-30)/p)/10)/(2/(-44)) is divided by c.
2
Suppose 2*b + 4*s = 210, 144 = -b + 5*s + 186. Suppose 7 = n - 21. Let v = n + -10. Calculate the remainder when b is divided by v.
15
Let s = -102 - -123. Let x(d) = 8*d - 128. What is the remainder when x(s) is divided by 12?
4
Suppose -3*y = q - 119, y - 43 = -4*q - 18. Calculate the remainder when 77 is divided by y.
36
Let y = -83 + 169. Suppose -3*s - r = -67, 0*s - 2*r - y = -4*s. Let x(p) = 23*p - 5. Calculate the remainder when x(2) is divided by s.
19
Let p(h) = -7*h - 22. Let c be p(-3). What is the remainder when 65 is divided by ((4/12)/c)/((-4)/264)?
21
Let h = 17709 - 12096. What is the remainder when h is divided by 52?
49
Suppose -6 = 6*l - 30. Suppose -b + 3*u + 16 = 0, l*b + 2*u = 3*u + 20. Suppose -b*i + 58 + 18 = 0. Calculate the remainder when 74 is divided by i.
